rs of t.
3, 13, 23
Suppose 2*g - 2*k - 26 = -2*g, -13 = 3*g + 5*k. Suppose -22 = -5*f - 2*w + 53, -3*w + 53 = g*f. Suppose 198 = 20*o - f*o. What are the prime factors of o?
2, 3, 11
Let o = -4 + 9. Let t(b) = b**3 - o - 3 - 14*b**2 + 3*b - 2. List the prime factors of t(14).
2
Let q(j) = 66*j**3 + 7*j - 5. List the prime factors of q(3).
2, 29, 31
Let y(o) = -3*o**3 - 4*o**2 + 4*o. Let k be y(7). List the prime factors of 2/4 - k/42.
29
Suppose 0 = -43*a - 36*a + 10981. List the prime factors of a.
139
Let c(f) = -3*f - 13. Let v be 1*2*(-35)/14. What are the prime factors of c(v)?
2
Suppose -24 = 5*g - 84. Suppose 0 = 13*a - 58 - 397. Let y = a - g. What are the prime factors of y?
23
Let y be (-8)/(-3) + 4/(-6). Suppose -2*m = 2*x + 3*m + 6, 4*x - y*m + 60 = 0. Let j = x + 37. What are the prime factors of j?
2, 3
Let f(c) = -7*c - 7. Suppose -5*m + m - 20 = 0. Let p(g) = -g**2 - 4*g + 2. Let z be p(m). What are the prime factors of f(z)?
2, 7
Suppose -3 = 2*y - 31. Suppose -6*j = -5*j - y. What are the prime factors of j?
2, 7
Suppose 0 = 3*x + 1908 - 7458. List the prime factors of x.
2, 5, 37
List the prime factors of (68/(-170))/(1/(-900)).
2, 3, 5
Let s be (65/39)/(1/366). Suppose 6*q - s = -4*q. What are the prime factors of q?
61
Suppose 2*p = m - 2*p - 280, 4*p = -3*m + 856. Suppose -3*n - 98 = -f + 2*n, 5*n = 3*f - m. What are the prime factors of f?
3, 31
Suppose -5*d = 2*c - 18, -12 = 4*c - 3*d + d. List the prime factors of (14/28)/(c/(-166)).
83
Let n be 6/(-33) + 22806/77. Suppose -118 + n = 2*d. Let j = d + -30. What are the prime factors of j?
59
Let w = 103 + -17. Suppose -f = -2*f + 17. Suppose 134 = 4*g - 2*h, 2*g - 3*h + f = w. List the prime factors of g.
3, 11
Suppose 0 = -10*u + 4*u + 3204. What are the prime factors of u?
2, 3, 89
Suppose 27999 = -174*w + 201*w. What are the prime factors of w?
17, 61
Let n(g) = -69*g + 4. Let a(c) = -c**3 - 7*c**2 - 6*c - 3. Let v be a(-6). What are the prime factors of n(v)?
211
List the prime factors of (-4093)/(-13) + ((-240)/130 - -2).
3, 5, 7
Suppose 0 = -g - 4*g - 3*h - 218, 0 = 5*g - h + 214. Let q = g - -135. List the prime factors of q.
2, 23
Let c be (27/(-2))/((-14)/140). Suppose -3*d + 18 = 2*n - c, 3*d + 15 = 0. What are the prime factors of n?
2, 3, 7
Suppose 2*h - 4*o - 1006 = 0, h = -20*o + 25*o + 506. What are the prime factors of h?
3, 167
Let y(o) = -3 - 4*o - 4 + 2*o - 4. Let a be y(-8). Let u(n) = 3*n + 11. List the prime factors of u(a).
2, 13
Suppose 3*i + 17 - 83 = -4*s, 2*i + s = 49. Let n = i - -23. List the prime factors of n.
7
Suppose 0 = 4*z + q + 15, 0 = 2*q - 0*q - 10. Let w = z + 9. Suppose 46 = w*c - 22. List the prime factors of c.
17
What are the prime factors of 9882/12 + -5 + 2/4?
3, 7, 13
Let z be 0*1/1 + -2. Let r(u) = 2*u**2 - u + 2. What are the prime factors of r(z)?
2, 3
Suppose 6 = -3*p + 21. Suppose -s - 6 = -5*b + 2, p*s - 20 = -5*b. Suppose -b*x - 42 = -5*x. What are the prime factors of x?
2, 7
Let s = 355 - -447. What are the prime factors of s?
2, 401
Let f(l) = -4*l + 38. Let s be f(9). Suppose 2*x - 2 = s, -3*q - 4*x = -548. List the prime factors of q.
2, 3, 5
Let q = -1850 - -2634. List the prime factors of q.
2, 7
Let l(f) = f**3 - 5*f**2 - 5*f - 2. Let j be l(6). Let n be 56/j + (-1 - -1). Let u = 5 + n. What are the prime factors of u?
19
Let i(l) = -3*l + 13. Let p(n) = -n - 5. Let m be p(-13). Let b be i(m). Let r(x) = x**3 + 10*x**2 - 14*x - 5. List the prime factors of r(b).
2, 7
Let g(r) be the third derivative of r**4/12 + 2*r**3 - 6*r**2. Let z be g(-4). Suppose 4*t - 72 = -2*k - 0*t, 4*t = -z. What are the prime factors of k?
2, 19
Suppose -i + 219 = -150. List the prime factors of i.
3, 41
Suppose 1077*b = 1080*b - 786. List the prime factors of b.
2, 131
Suppose -2*z - 14 = -18. Suppose 7*u = z*u + 195. List the prime factors of u.
3, 13
Let i(k) = 20*k**2 + 9*k - 2. Let j be i(3). Let u = j + -114. What are the prime factors of u?
7, 13
Let u = 793 - 479. List the prime factors of u.
2, 157
Let h = -276 - -736. Suppose 350 + h = 5*s. What are the prime factors of s?
2, 3
Let u be (5 + -1)/(1/(-1)). Let g be 51/(-3 - 0) - u. Let o = 49 + g. List the prime factors of o.
2, 3
Let x = -34 + 36. Suppose 7*b - 350 = x*b. List the prime factors of b.
2, 5, 7
Let y = -38 - -65. Suppose 25*j - y*j = 0. Suppose j*b = -4*b + 104. What are the prime factors of b?
2, 13
Suppose -4*u = -b - 2*u - 9, -5*b - 66 = -3*u. Let l(g) = -121*g + 18. Let h be l(b). What are the prime factors of (2/6)/(13/h)?
47
Suppose u + 5*y + 22 = 0, -4*u - y = 8 + 4. List the prime factors of 182*(u - -1)*-1.
2, 7, 13
List the prime factors of (-536360)/(-135) + 6/(-162).
29, 137
Suppose i - 5*h = 10, -4*i = i - 4*h - 8. What are the prime factors of (i + -2)*250/(-20)?
5
What are the prime factors of 4*4*(-349)/(-4)?
2, 349
Let m be 1/(4 - (-61)/(-15)). Let j = 33 + m. What are the prime factors of j?
2, 3
Suppose -3*v + 161 = 2*n, 0*n - 3*v - 94 = -n. Suppose -5*r - n + 220 = 0. Let j = -9 + r. List the prime factors of j.
2, 3
Suppose 1659 = 3*h + 4*i - 7*i, 3*i = 2*h - 1110. What are the prime factors of h?
3, 61
Suppose -4*z = -3*z + 3*w - 87, -3*w + 159 = 2*z. Let b = -33 + z. Suppose b = -4*t + 111. What are the prime factors of t?
2, 3
Let f(b) = -b**2 + 7*b - 8. Let s be f(6). Let w be 17 - 1*(s - -1). What are the prime factors of (0 - (-1 + 1)) + w?
2, 3
Let q(f) = -f**3 - 3*f**2 + 3*f + 6. Let z = 18 + -12. Suppose p = z*p + m + 24, -2*p = m + 12. What are the prime factors of q(p)?
2, 5
Let h = -18 - -22. Suppose -h*i = -10*i + 426. What are the prime factors of i?
71
Suppose 2*x = 3*p + 11345, 2*x - 4994 = -2*p + 6356. List the prime factors of x.
2, 2837
Let w be 102*(40/(-12) + 4). Let h = w - -245. List the prime factors of h.
313
Let d(k) = -412*k**3 - 6*k**2 - 10*k + 1. List the prime factors of d(-2).
37, 89
Suppose -5*a = -4*c + 6023, -22*c + 3*a + 7532 = -17*c. List the prime factors of c.
11, 137
Suppose h + 4*j = 365, -2*j = 3*h - 0*j - 1085. List the prime factors of h.
19
Suppose 2*i = 5*b + 3510, i - 14*b + 12*b = 1753. List the prime factors of i.
5, 349
Let x = 974 + 2256. What are the prime factors of x?
2, 5, 17, 19
List the prime factors of (-15)/(((-4)/16)/(261/108)).
5, 29
Let t be 8/16 - (-95)/2. Suppose -y + 3 = -t. List the prime factors of y.
3, 17
Suppose 5*o = 6*o - 3. Suppose -89 = -o*c + h, 2*c - 1 - 70 = 3*h. Suppose -2*l + 0*l = -c. What are the prime factors of l?
2, 7
Suppose -5*o = -4258 - 1482. What are the prime factors of o?
2, 7, 41
Let a be 118/(-8) - 1/4. List the prime factors of ((-8)/(-5))/((-3)/a).
2
What are the prime factors of 96/(208/13) + -1 + 2423?
2, 607
What are the prime factors of (-3 + 2)*(-5 - 12)?
17
List the prime factors of (-11355)/9*(9 + 48/(-5)).
757
Let a(l) = -6 - 3 + 2 - 24*l - 2. Let u be a(-5). Suppose -6*q - u = -9*q. List the prime factors of q.
37
Suppose -10*d = -7*d - 9. Let p(g) = 52*g - 9. List the prime factors of p(d).
3, 7
Let k = 466 + 204. List the prime factors of k.
2, 5, 67
Let c = 256 + -157. Let a = c + -5. What are the prime factors of a?
2, 47
Let p(g) = -g - 1. Let x be p(0). Let n = -21 - x. What are the prime factors of (50/n)/((-2)/36)?
3, 5
Suppose 0 = 2*f + 3*f. Suppose h = -4*u - 2*h + 495, -2*u + 4*h + 220 = f. List the prime factors of u.
2, 3, 5
Suppose 3*h - 782 = -x, -24*x + 20*x = h - 3150. What are the prime factors of x?
2, 197
Let s(a) = -a**3 + 14*a**2 - 11*a + 3. Suppose -5*w - 3 = -d, -w = -3*d + 3*w + 9. Suppose 0 = d*h + 9, 0*g - 2*h = 2*g - 20. List the prime factors of s(g).
29
Suppose 3*j - 2*s - 3221 = 0, -5*j + s = -s - 5371. What are the prime factors of j?
5, 43
Let b be (-182)/(-21) - 2/3. Let g(d) = d + 6 - 2 - b. What are the prime factors of g(10)?
2, 3
Let d = -18 + 13. Let n be 1/(((15/(-111))/(-5))/(-1)). Let c = d - n. What are the prime factors of c?
2
Let u(h) = -h + 1. Let a be u(3). Let m be -2*(4/a + 1). Suppose -f + m*f - 35 = 0. List the prime factors of f.
5, 7
Let b = 104 + -42. Let k be 109 - (-2)/2*-3. Let o = k - b. List the prime factors of o.
2, 11
Let v = -3429 + 5447. List the prime factors of v.
2, 1009
Let n be 1/4 - (-49)/28. Let d = n - -2. Suppose -4*w - 80 = -d*g, 0 = w + 3 - 1. What are the 